+ 790 = 0. Suppose x + b - f = 0, -4*b + b = 4*x - 634. Calculate the highest common divisor of x and 16.
16
Let a = 3 - 2. Let k be (-33)/4 + a/4. Let i(h) = h**2 + 7*h - 2. Let w be i(k). What is the greatest common factor of 6 and w?
6
Let a(o) = -o**2 - 9*o + 15. Let p be a(-9). What is the greatest common factor of 3 and p?
3
Let n(h) = -h**2 + 9*h + 22. Let q be n(7). What is the greatest common factor of q and 9?
9
Let b = -9 + 21. What is the highest common factor of b and 6?
6
Suppose 0 = -3*o + 5*o + 12. Let p be 30/4*(-4)/o. Suppose -p = -h + 13. Calculate the greatest common divisor of 18 and h.
18
Suppose 2*w - 32 + 12 = 0. Suppose -l = -7 - w. Suppose 2*v - 59 + l = 0. What is the highest common factor of v and 7?
7
Let h(a) = a**2 + a + 1. Let z be h(0). Let q be (18 - (-4)/(-2)) + z. Calculate the greatest common divisor of 153 and q.
17
Suppose 5*g + 126 + 4 = 0. Let b be (-18)/(-117) - 412/g. Let t be ((-8)/(0 - 2))/1. What is the highest common factor of t and b?
4
Let y(a) = -a + 40. Let n be y(0). Suppose 2*j - 81 = -g, -4*g + n + 84 = 3*j. Calculate the greatest common factor of 16 and j.
8
Suppose -4*o - 3*m + 7*m + 548 = 0, 0 = -5*o + 2*m + 673. Calculate the highest common factor of o and 19.
19
Let x be (-4)/3*96/(-2). Suppose -u + 2*u - x = 0. Let l(n) = -n**3 + 12*n**2 - 21*n + 18. Let r be l(10). What is the highest common divisor of r and u?
8
Suppose r - 48 = -0*r - 2*u, -r + 53 = 3*u. Suppose 0 = 2*v + v - 9, 4*z = -2*v + r. What is the highest common divisor of z and 8?
8
Let l(z) = 12*z + 5 + 2*z**2 - 14*z - 1. Let t be l(3). Suppose -1 + 5 = 2*r. What is the highest common factor of r and t?
2
Let p = 34 - -14. What is the highest common divisor of p and 12?
12
Suppose 4*s + 10 = -q, -s = -3*s - 6. Let d = -4 + 10. What is the greatest common factor of q and d?
2
Suppose 0 = -2*t + 25 + 35. Calculate the greatest common factor of 6 and t.
6
Suppose 0 = -4*p - 5*c + 1, -6*p - 3*c + 11 = -p. What is the highest common divisor of p and 32?
4
Suppose 0 = m - 1, 3*m = c - 3*c + 19. Let i be (3 + -2 + -11)*-6. Let j = 148 - i. What is the greatest common factor of c and j?
8
Suppose -2*h + 5 = -17. Suppose -y = -3*f + h, 6 = y + 3*y - 2*f. Calculate the highest common factor of y and 1.
1
Let n be (-12)/(-6)*(-3)/(-2). Let y be 8*(-4 - (-2 - n)). What is the greatest common divisor of 72 and y?
8
Let z = 63 - 43. Let w be z/((-1)/((-4)/1)). Calculate the greatest common divisor of 32 and w.
16
Let p(g) = -g**2 - 11*g - 3. Let u be p(-8). Calculate the highest common divisor of 7 and u.
7
Suppose 4*t + 4*l = 124, 4*t + 2*l - 7*l - 115 = 0. Calculate the highest common factor of 10 and t.
10
Suppose 0 = 3*m + 4*g - 11, 4*m - 19 = -4*g - 7. What is the highest common factor of m and 2?
1
Let h(q) be the second derivative of q**3/6 + q**2/2 + 5*q. Let v be h(4). What is the greatest common divisor of 15 and v?
5
Let d = -1 + 2. Let w = 3 + d. Suppose -2*n - 16 = -w*q, 4*n = n + q + 1. What is the highest common factor of n and 2?
2
Suppose -s + 6*s = -3*i + 115, -2*i = -4*s + 70. Suppose v + 0*t = -2*t + s, -2*v = 5*t - 37. Calculate the greatest common factor of 39 and v.
13
Suppose 2*z - 8 = -5*d, -2*z - 3*z + 2*d + 78 = 0. What is the highest common factor of 112 and z?
14
Suppose -5*g = -9*g + 80. Calculate the highest common factor of g and 10.
10
Suppose -g + 8 = -9. Let q(p) = -p**2 + 16*p + 20. Let w be q(g). What is the highest common divisor of 21 and w?
3
Let s(a) = 2*a + 10. Let l(b) = -3*b - 11. Let t(q) = 3*l(q) + 4*s(q). Let r be t(4). Suppose 51 + 69 = r*n. Calculate the highest common divisor of 8 and n.
8
Let k(w) = w**2 + 5. Let h be k(-11). What is the greatest common factor of 84 and h?
42
Suppose 43*w - 39*w = 104. Calculate the highest common factor of 39 and w.
13
Suppose -263 = -5*a - 4*l, a + 2*l = 62 - 13. What is the highest common divisor of 11 and a?
11
Let p be (-855)/(-27) - (-2)/6. Calculate the highest common factor of 4 and p.
4
Suppose q + 75 = 5*d - 4*q, -2*d - 3*q = -35. Calculate the highest common divisor of 80 and d.
16
Suppose l + o + 10 = 0, 4*l + o = -52 - 0. Let c be l/(-3)*(4 + 2). Suppose a - 24 = 18. Calculate the highest common factor of c and a.
14
Suppose -12*d + 18*d - 342 = 0. Calculate the highest common divisor of d and 19.
19
Suppose -2*q = -2*n - 192, 4*q = -4*n + 304 + 40. Calculate the highest common divisor of q and 13.
13
Let v = -19 - -1. Let x be (9/2)/((-1)/14). Let g = v - x. Calculate the greatest common factor of g and 5.
5
Suppose -41 = -4*u + 43. What is the highest common divisor of 14 and u?
7
Let j = 2 - -75. Let d = j + 8. Calculate the highest common divisor of d and 34.
17
Let o be (15/9)/(3/18). Let s be ((-4)/o)/(3/(-135)). Calculate the highest common divisor of s and 45.
9
Let z = 27 - 24. Let n(s) = 2*s**2 - 4*s + 4. Let h be n(z). What is the greatest common factor of 15 and h?
5
Let y(f) be the second derivative of -5*f**3/6 - 6*f**2 - 8*f. Let u be y(-8). What is the greatest common factor of 14 and u?
14
Let i(g) = 7*g - g**2 + 9*g - 8*g + 2*g**2 - 10. Let u be i(-9). Let l = 3 - u. Calculate the highest common factor of l and 2.
2
Let x be (-230)/6 - (-1)/3. Suppose -o = -2*f + 3*o - 42, -2*o + 129 = -5*f. Let g = f - x. What is the greatest common factor of 33 and g?
11
Suppose 11 = h - 29. Calculate the highest common divisor of h and 100.
20
Let b = -43 + 46. What is the greatest common divisor of b and 3?
3
Suppose 0 = 2*o - 10 - 0. Suppose 2*h - 3*y - 56 + 6 = 0, -3*y + 50 = 2*h. Calculate the greatest common divisor of o and h.
5
Suppose -3*g + 15 = -0*g. What is the greatest common divisor of 25 and g?
5
Suppose -y = 3*q - 42, -2*q + 14 = y - 6*q. What is the greatest common factor of y and 6?
6
Let t be (10 + 0)*(-1 - -7). Suppose -2*s = s - 9. Let u be (-4)/(-24)*s*48. Calculate the highest common factor of t and u.
12
Suppose 371 = 4*n - 173. What is the greatest common factor of 17 and n?
17
Let c be 11/(-2)*(4 - 30). What is the highest common factor of 13 and c?
13
Let a(k) = -4*k + 26. Let v be a(-10). Calculate the highest common divisor of v and 6.
6
Let g(b) = -b + 14. Let i be g(0). Let k(q) = q**2 + 13*q + 30. Let l be k(-9). Let t be (0 - -1)*(i + l). Calculate the greatest common factor of t and 40.
8
Let l(t) = -2*t + 1. Let v be l(8). Let z be (-6)/v - (-42)/(-5). Let s be z/6*(2 + -14). What is the greatest common factor of 4 and s?
4
Let q = 6 + 4. Suppose 2*j - 250 = -3*j. Calculate the highest common divisor of q and j.
10
Let y = 54 - 22. Let l = 4 - -4. Calculate the highest common factor of y and l.
8
Suppose -5*q + 82 = 212. Let h = q + 16. Let i = -4 - h. Calculate the greatest common factor of 9 and i.
3
Let l = -76 - 17. Let f = -58 - l. What is the highest common divisor of 5 and f?
5
Suppose 2*b + 3*i - 20 = 0, 4*b + 0*i = -2*i + 24. Suppose b*s - 11 = -u + s, -u + 3 = -5*s. What is the greatest common divisor of 40 and u?
8
Let y be 3*-4*(-110)/15. Suppose 4*b - 4*z = -y, 3*z - z - 68 = 3*b. Let k be (3/2 + -2)*b. What is the greatest common divisor of k and 4?
4
Let p(z) = 2*z - 3. Let o be p(4). Let u(t) = t - 1. Let x be u(o). Suppose 2*j = -j + 96. Calculate the greatest common divisor of j and x.
4
Suppose -5*k = -a + 39, 8 = -k + 5. Calculate the greatest common factor of a and 3.
3
Suppose -4*u - 2*d + 652 = 0, d = u - d - 158. Let p be -36*(-4)/(6 - -2). Calculate the highest common divisor of u and p.
18
Suppose -h + 2 = -2, 3*w = h + 2. Let s be ((-64)/(-40))/(w/10). Let l be (2 - -1)*32/3. What is the highest common factor of l and s?
8
Suppose -d + 5*d - 76 = 0. Calculate the highest common factor of d and 171.
19
Let b(j) = -j**2 - 12*j + 21. Let h be b(-13). What is the highest common factor of h and 8?
8
Let t(y) = -2*y**3 - 2*y**2. Let u be t(2). Let v = 45 + u. Let i = 29 - v. What is the highest common divisor of 56 and i?
8
Let v be 51 + -3 + 0/3. Suppose 2*i - 5 - 7 = 0. What is the highest common divisor of v and i?
6
Let x(u) = 25*u**2 + 3*u - 2. Let v be x(2). Suppose 5*n - 9 = -4*z + 3*z, -5*z + n - 33 = 0. Let c = z + 19. Calculate the highest common factor of v and c.
13
Let g(p) = p**2 + 6*p + 4. Let z = 7 + -11. Let t be g(z). Let a = t + 13. What is the greatest com